49.
36
What is the remainder when 4522 is divided by 16?
10
What is the remainder when 13715 is divided by 4571?
2
What is the remainder when 2370 is divided by 184?
162
Calculate the remainder when 25534 is divided by 21.
19
Calculate the remainder when 1649 is divided by 343.
277
Calculate the remainder when 49434 is divided by 29.
18
Calculate the remainder when 2844 is divided by 73.
70
Calculate the remainder when 646635 is divided by 590.
585
Calculate the remainder when 86160 is divided by 5743.
15
Calculate the remainder when 31293 is divided by 7816.
29
Calculate the remainder when 4568 is divided by 22.
14
Calculate the remainder when 10995 is divided by 3642.
69
Calculate the remainder when 581043 is divided by 1449.
1443
What is the remainder when 13345 is divided by 1201?
134
Calculate the remainder when 17948 is divided by 152.
12
Calculate the remainder when 25073 is divided by 12515.
43
What is the remainder when 26120 is divided by 26078?
42
What is the remainder when 3760 is divided by 66?
64
Calculate the remainder when 31436 is divided by 1963.
28
What is the remainder when 9272 is divided by 371?
368
What is the remainder when 30254 is divided by 62?
60
Calculate the remainder when 70444 is divided by 37.
33
Calculate the remainder when 1297 is divided by 97.
36
What is the remainder when 5790 is divided by 50?
40
Calculate the remainder when 5414 is divided by 461.
343
What is the remainder when 574 is divided by 326?
248
Calculate the remainder when 218180 is divided by 23.
2
Calculate the remainder when 118532 is divided by 905.
882
Calculate the remainder when 91265 is divided by 246.
245
What is the remainder when 78 is divided by 38?
2
Calculate the remainder when 7335 is divided by 520.
55
What is the remainder when 7387 is divided by 85?
77
Calculate the remainder when 12622 is divided by 11.
5
What is the remainder when 10063 is divided by 9610?
453
What is the remainder when 1301761 is divided by 107?
106
Calculate the remainder when 271061 is divided by 79.
12
What is the remainder when 16313 is divided by 1062?
383
Calculate the remainder when 3863 is divided by 402.
245
Calculate the remainder when 76084 is divided by 3170.
4
What is the remainder when 4117 is divided by 343?
1
What is the remainder when 234542 is divided by 37?
36
What is the remainder when 1572395 is divided by 21?
20
Calculate the remainder when 4743 is divided by 674.
25
Calculate the remainder when 19292 is divided by 1015.
7
Calculate the remainder when 1449 is divided by 340.
89
Calculate the remainder when 10446 is divided by 8.
6
What is the remainder when 4950 is divided by 1117?
482
Calculate the remainder when 358324 is divided by 134.
8
What is the remainder when 1117 is divided by 1076?
41
Calculate the remainder when 61424 is divided by 16.
0
What is the remainder when 2161 is divided by 47?
46
Calculate the remainder when 460021 is divided by 5.
1
What is the remainder when 261960 is divided by 1110?
0
Calculate the remainder when 3428 is divided by 51.
11
Calculate the remainder when 15594 is divided by 783.
717
What is the remainder when 162542 is divided by 4?
2
What is the remainder when 15778 is divided by 2626?
22
Calculate the remainder when 3282 is divided by 678.
570
Calculate the remainder when 15751 is divided by 3115.
176
What is the remainder when 40131 is divided by 254?
253
What is the remainder when 19351 is divided by 121?
112
What is the remainder when 7508 is divided by 1135?
698
Calculate the remainder when 121232 is divided by 8081.
17
What is the remainder when 13760 is divided by 509?
17
Calculate the remainder when 14310 is divided by 523.
189
Calculate the remainder when 29088 is divided by 282.
42
Calculate the remainder when 5178 is divided by 2587.
4
Calculate the remainder when 4169 is divided by 149.
146
Calculate the remainder when 14374 is divided by 69.
22
Calculate the remainder when 5503 is divided by 30.
13
Calculate the remainder when 960 is divided by 45.
15
What is the remainder when 17389 is divided by 67?
36
What is the remainder when 472 is divided by 125?
97
Calculate the remainder when 303453 is divided by 563.
559
Calculate the remainder when 21833 is divided by 15.
8
Calculate the remainder when 54055 is divided by 1351.
15
Calculate the remainder when 6537 is divided by 2160.
57
What is the remainder when 806 is divided by 334?
138
What is the remainder when 2585 is divided by 642?
17
What is the remainder when 50134 is divided by 185?
184
Calculate the remainder when 10553 is divided by 620.
13
Calculate the remainder when 311986 is divided by 14.
10
What is the remainder when 10715 is divided by 322?
89
Calculate the remainder when 15395 is divided by 7685.
25
What is the remainder when 132576 is divided by 31?
20
Calculate the remainder when 175669 is divided by 4284.
25
Calculate the remainder when 10098 is divided by 5049.
0
What is the remainder when 13180746 is divided by 194?
192
Calculate the remainder when 2551 is divided by 199.
163
What is the remainder when 1486680 is divided by 86?
84
Calculate the remainder when 11164 is divided by 82.
12
Calculate the remainder when 157595 is divided by 400.
395
Calculate the remainder when 50780 is divided by 736.
732
Calculate the remainder when 68095 is divided by 2836.
31
What is the remainder when 8665 is divided by 345?
40
Calculate the remainder when 346487 is divided by 19249.
5
What is the remainder when 2645 is divided by 652?
37
What is the remainder when 559212 is divided by 15?
12
Calculate the remainder when 136718 is divided by 45570.
8
Calculate the remainder when 9141 is divided by 434.
27
What is the remainder when 309117 is divided by 384?
381
What is the remainder when 346996 is divided by 12?
4
What is the remainder when 7127 is divided by 1297?
642
Calculate the remainder when 11000 is divided by 23.
6
What is the remainder when 4229 is divided by 136?
13
What is the remainder when 398 is divided by 345?
53
What is the remainder when 760723 is divided by 69?
67
What is the remainder when 689603 is divided by 17?
15
Calculate the remainder when 3380 is divided by 839.
24
What is the remainder when 61307 is divided by 36?
35
Calculate the remainder when 1740026 is divided by 404.
402
What is the remainder when 4274 is divided by 282?
44
What is the remainder when 5144 is divided by 4774?
370
Calculate the remainder when 35931 is divided by 96.
27
What is the remainder when 17277 is divided by 5694?
195
Calculate the remainder when 68460 is divided by 16.
12
What is the remainder when 2678965 is divided by 269?
263
What is the remainder when 17215 is divided by 5709?
88
Calculate the remainder when 9190 is divided by 42.
34
Calculate the remainder when 31249 is divided by 372.
1
Calculate the remainder when 41919 is divided by 162.
123
What is the remainder when 10359 is divided by 10?
9
What is the remainder when 41098 is divided by 20542?
14
Calculate the remainder when 34654 is divided by 85.
59
What is the remainder when 114978 is divided by 8836?
110
What is the remainder when 7443 is divided by 7067?
376
Calculate the remainder when 59934 is divided by 119.
77
Calculate the remainder when 35393 is divided by 11795.
8
What is the remainder when 71628 is divided by 73?
15
What is the remainder when 6835 is divided by 106?
51
What is the remainder when 5746588 is divided by 45?
43
What is the remainder when 19931 is divided by 866?
13
What is the remainder when 150972 is divided by 37740?
12
Calculate the remainder when 75925 is divided by 10846.
3
Calculate the remainder when 90 is divided by 13.
12
What is the remainder when 1970 is divided by 91?
59
What is the remainder when 1557 is divided by 36?
9
Calculate the remainder when 74404 is divided by 37193.
18
Calculate the remainder when 394845 is divided by 32.
29
Calculate the remainder when 44224 is divided by 26.
24
Calculate the remainder when 36596 is divided by 12175.
71
What is the remainder when 9830 is divided by 482?
190
What is the remainder when 12615 is divided by 50?
15
What is the remainder when 1475 is divided by 732?
11
Calculate the remainder when 2524 is divided by 873.
778
Calculate the remainder when 393849 is divided by 32816.
57
C